{"id":462,"date":"2026-04-07T11:03:38","date_gmt":"2026-04-07T11:03:38","guid":{"rendered":"https:\/\/www.males-saints.band\/?page_id=462"},"modified":"2026-04-07T11:37:22","modified_gmt":"2026-04-07T11:37:22","slug":"mentions-legales-politique-de-confidentialite","status":"publish","type":"page","link":"https:\/\/www.males-saints.band\/index.php\/mentions-legales-politique-de-confidentialite\/","title":{"rendered":"Mentions l\u00e9gales &amp; Politique de confidentialit\u00e9"},"content":{"rendered":"\n<p>Contact: Bruno Mauguil<br>Si\u00e8ge social: 6 rue du Petit Buisson &#8211; Le Plessis &#8211; 58500 Ouagne &#8211; France<\/p>\n\n\n\n<p>L\u2019adresse de notre site est\u00a0: https:\/\/males-saints.band<br>Directeur de la publication: Bruno Mauguil<br>H\u00e9bergement: <a href=\"https:\/\/www.ovhcloud.com\/fr\">OVH<\/a><\/p>\n\n\n\n<p>Toutes nos \u0153uvres (musiques, vid\u00e9os, affiches, dessins) sont sous licence<\/p>\n\n\n\n<figure class=\"wp-block-image size-full is-resized\"><img loading=\"lazy\" decoding=\"async\" width=\"403\" height=\"141\" src=\"https:\/\/www.males-saints.band\/wp-content\/uploads\/2026\/04\/by-nc-sa.eu_.png\" alt=\"\" class=\"wp-image-494\" style=\"width:200px\" srcset=\"https:\/\/www.males-saints.band\/wp-content\/uploads\/2026\/04\/by-nc-sa.eu_.png 403w, https:\/\/www.males-saints.band\/wp-content\/uploads\/2026\/04\/by-nc-sa.eu_-300x105.png 300w\" sizes=\"auto, (max-width: 403px) 85vw, 403px\" \/><\/figure>\n\n\n\n<h2 class=\"wp-block-heading\">Cookies<\/h2>\n\n\n\n<p>Males-Saints ne collecte aucune donn\u00e9e personnelle et par d\u00e9faut, WordPress ne collecte aucune statistique des visites. Cependant de nombreux h\u00e9bergeurs collectent des donn\u00e9es statistiques anonymes.<\/p>\n","protected":false},"excerpt":{"rendered":"<p>Contact: Bruno MauguilSi\u00e8ge social: 6 rue du Petit Buisson &#8211; Le Plessis &#8211; 58500 Ouagne &#8211; France L\u2019adresse de notre site est\u00a0: https:\/\/males-saints.bandDirecteur de la publication: Bruno MauguilH\u00e9bergement: OVH Toutes nos \u0153uvres (musiques, vid\u00e9os, affiches, dessins) sont sous licence Cookies Males-Saints ne collecte aucune donn\u00e9e personnelle et par d\u00e9faut, WordPress ne collecte aucune statistique des &hellip; <a href=\"https:\/\/www.males-saints.band\/index.php\/mentions-legales-politique-de-confidentialite\/\" class=\"more-link\">Continuer la lecture<span class=\"screen-reader-text\"> de &laquo;&nbsp;Mentions l\u00e9gales &amp; Politique de confidentialit\u00e9&nbsp;&raquo;<\/span><\/a><\/p>\n","protected":false},"author":2,"featured_media":0,"parent":0,"menu_order":0,"comment_status":"closed","ping_status":"closed","template":"","meta":{"footnotes":""},"class_list":["post-462","page","type-page","status-publish","hentry"],"_links":{"self":[{"href":"https:\/\/www.males-saints.band\/index.php\/wp-json\/wp\/v2\/pages\/462","targetHints":{"allow":["GET"]}}],"collection":[{"href":"https:\/\/www.males-saints.band\/index.php\/wp-json\/wp\/v2\/pages"}],"about":[{"href":"https:\/\/www.males-saints.band\/index.php\/wp-json\/wp\/v2\/types\/page"}],"author":[{"embeddable":true,"href":"https:\/\/www.males-saints.band\/index.php\/wp-json\/wp\/v2\/users\/2"}],"replies":[{"embeddable":true,"href":"https:\/\/www.males-saints.band\/index.php\/wp-json\/wp\/v2\/comments?post=462"}],"version-history":[{"count":3,"href":"https:\/\/www.males-saints.band\/index.php\/wp-json\/wp\/v2\/pages\/462\/revisions"}],"predecessor-version":[{"id":495,"href":"https:\/\/www.males-saints.band\/index.php\/wp-json\/wp\/v2\/pages\/462\/revisions\/495"}],"wp:attachment":[{"href":"https:\/\/www.males-saints.band\/index.php\/wp-json\/wp\/v2\/media?parent=462"}],"curies":[{"name":"wp","href":"https:\/\/api.w.org\/{rel}","templated":true}]}}